{"id":887,"date":"2024-05-15T18:38:07","date_gmt":"2024-05-15T16:38:07","guid":{"rendered":"https:\/\/sonarwines.com\/?post_type=product&#038;p=887"},"modified":"2024-05-30T11:19:57","modified_gmt":"2024-05-30T09:19:57","slug":"sotavento-vino-tinto-ecologico","status":"publish","type":"product","link":"https:\/\/sonarwines.com\/index.php\/producto\/sotavento-vino-tinto-ecologico\/","title":{"rendered":"Sotavento | Vino Tinto Ecol\u00f3gico"},"content":{"rendered":"<p class=\"cvGsUA direction-ltr align-justify para-style-body\"><span class=\"OYPEnA text-decoration-none text-strikethrough-none\">De un vi\u00f1edo situado en la subzona del Mass\u00eds del Garraf, con suelos ricos en carbonato c\u00e1lcico (calc\u00e1reo) pero pobres en materia org\u00e1nica, obtenemos uvas que nos brindan vinos finos y elegantes, con pH bajos y altas acideces, ideales para este tipo de envejecimiento.<\/span><\/p>\n<p class=\"cvGsUA direction-ltr align-justify para-style-body\"><span class=\"OYPEnA text-decoration-none text-strikethrough-none\">Se lleva a cabo una maceraci\u00f3n pre-fermentativa de 24 horas para obtener mayores aromas primarios a 10\/12 \u00baC. Posteriormente, se realiza la fermentaci\u00f3n integral de las uvas en tanques de acero inoxidable, donde se realiza un riguroso control de temperatura, manteni\u00e9ndola de manera precisa entre 22 \u00baC y 24 \u00baC.<\/span><\/p>\n<p class=\"cvGsUA direction-ltr align-start para-style-body\"><span class=\"OYPEnA text-decoration-none text-strikethrough-none\">.<\/span><\/p>\n","protected":false},"excerpt":{"rendered":"<p class=\"cvGsUA direction-ltr align-start para-style-body\"><span class=\"OYPEnA text-decoration-none text-strikethrough-none\">Tipo de vino: tinto sin crianza<\/span><\/p>\n<p class=\"cvGsUA direction-ltr align-start para-style-body\"><span class=\"OYPEnA text-decoration-none text-strikethrough-none\">Variedad de uva: 100% garnacha <\/span><\/p>\n<p class=\"cvGsUA direction-ltr align-start para-style-body\"><span class=\"OYPEnA text-decoration-none text-strikethrough-none\">Graduaci\u00f3n alcohol: 13% <\/span><\/p>\n<p class=\"cvGsUA direction-ltr align-start para-style-body\"><span class=\"OYPEnA text-decoration-none text-strikethrough-none\">Envejecimiento: 8 meses bajo el mar <\/span><\/p>\n<p class=\"cvGsUA direction-ltr align-start para-style-body\"><span class=\"OYPEnA text-decoration-none text-strikethrough-none\">Origen: D.O. Pened\u00e8s-Mass\u00eds del Garraf <\/span><\/p>\n<p class=\"cvGsUA direction-ltr align-start para-style-body\"><span class=\"OYPEnA text-decoration-none text-strikethrough-none\">A\u00f1ada: 2021<\/span><\/p>\n","protected":false},"featured_media":483,"comment_status":"open","ping_status":"closed","template":"","meta":[],"product_cat":[21],"product_tag":[],"class_list":{"0":"post-887","1":"product","2":"type-product","3":"status-publish","4":"has-post-thumbnail","6":"product_cat-sin-categorizar","8":"first","9":"instock","10":"shipping-taxable","11":"purchasable","12":"product-type-simple"},"yoast_head":"<!-- This site is optimized with the Yoast SEO plugin v26.5 - https:\/\/yoast.com\/wordpress\/plugins\/seo\/ -->\n<title>Sotavento | Vino Tinto Ecol\u00f3gico - Sonar Wines | Vinos de crianza submarina<\/title>\n<meta name=\"robots\" content=\"index, follow, max-snippet:-1, max-image-preview:large, max-video-preview:-1\" \/>\n<link rel=\"canonical\" href=\"https:\/\/sonarwines.com\/index.php\/producto\/sotavento-vino-tinto-ecologico\/\" \/>\n<meta property=\"og:locale\" content=\"es_ES\" \/>\n<meta property=\"og:type\" content=\"article\" \/>\n<meta property=\"og:title\" content=\"Sotavento | Vino Tinto Ecol\u00f3gico - Sonar Wines | Vinos de crianza submarina\" \/>\n<meta property=\"og:description\" content=\"Tipo de vino: tinto sin crianza Variedad de uva: 100% garnacha  Graduaci\u00f3n alcohol: 13%  Envejecimiento: 8 meses bajo el mar  Origen: D.O. Pened\u00e8s-Mass\u00eds del Garraf  A\u00f1ada: 2021\" \/>\n<meta property=\"og:url\" content=\"https:\/\/sonarwines.com\/index.php\/producto\/sotavento-vino-tinto-ecologico\/\" \/>\n<meta property=\"og:site_name\" content=\"Sonar Wines | Vinos de crianza submarina\" \/>\n<meta property=\"article:modified_time\" content=\"2024-05-30T09:19:57+00:00\" \/>\n<meta property=\"og:image\" content=\"https:\/\/sonarwines.com\/wp-content\/uploads\/2024\/04\/Sotavento_Tinto_Sonar-Wines.png\" \/>\n\t<meta property=\"og:image:width\" content=\"1200\" \/>\n\t<meta property=\"og:image:height\" content=\"1600\" \/>\n\t<meta property=\"og:image:type\" content=\"image\/png\" \/>\n<meta name=\"twitter:card\" content=\"summary_large_image\" \/>\n<script type=\"application\/ld+json\" class=\"yoast-schema-graph\">{\"@context\":\"https:\/\/schema.org\",\"@graph\":[{\"@type\":\"WebPage\",\"@id\":\"https:\/\/sonarwines.com\/index.php\/producto\/sotavento-vino-tinto-ecologico\/\",\"url\":\"https:\/\/sonarwines.com\/index.php\/producto\/sotavento-vino-tinto-ecologico\/\",\"name\":\"Sotavento | Vino Tinto Ecol\u00f3gico - Sonar Wines | Vinos de crianza submarina\",\"isPartOf\":{\"@id\":\"https:\/\/sonarwines.com\/#website\"},\"primaryImageOfPage\":{\"@id\":\"https:\/\/sonarwines.com\/index.php\/producto\/sotavento-vino-tinto-ecologico\/#primaryimage\"},\"image\":{\"@id\":\"https:\/\/sonarwines.com\/index.php\/producto\/sotavento-vino-tinto-ecologico\/#primaryimage\"},\"thumbnailUrl\":\"https:\/\/sonarwines.com\/wp-content\/uploads\/2024\/04\/Sotavento_Tinto_Sonar-Wines.png\",\"datePublished\":\"2024-05-15T16:38:07+00:00\",\"dateModified\":\"2024-05-30T09:19:57+00:00\",\"breadcrumb\":{\"@id\":\"https:\/\/sonarwines.com\/index.php\/producto\/sotavento-vino-tinto-ecologico\/#breadcrumb\"},\"inLanguage\":\"es\",\"potentialAction\":[{\"@type\":\"ReadAction\",\"target\":[\"https:\/\/sonarwines.com\/index.php\/producto\/sotavento-vino-tinto-ecologico\/\"]}]},{\"@type\":\"ImageObject\",\"inLanguage\":\"es\",\"@id\":\"https:\/\/sonarwines.com\/index.php\/producto\/sotavento-vino-tinto-ecologico\/#primaryimage\",\"url\":\"https:\/\/sonarwines.com\/wp-content\/uploads\/2024\/04\/Sotavento_Tinto_Sonar-Wines.png\",\"contentUrl\":\"https:\/\/sonarwines.com\/wp-content\/uploads\/2024\/04\/Sotavento_Tinto_Sonar-Wines.png\",\"width\":1200,\"height\":1600},{\"@type\":\"BreadcrumbList\",\"@id\":\"https:\/\/sonarwines.com\/index.php\/producto\/sotavento-vino-tinto-ecologico\/#breadcrumb\",\"itemListElement\":[{\"@type\":\"ListItem\",\"position\":1,\"name\":\"Portada\",\"item\":\"https:\/\/sonarwines.com\/\"},{\"@type\":\"ListItem\",\"position\":2,\"name\":\"Tienda\",\"item\":\"https:\/\/sonarwines.com\/index.php\/tienda\/\"},{\"@type\":\"ListItem\",\"position\":3,\"name\":\"Sotavento | Vino Tinto Ecol\u00f3gico\"}]},{\"@type\":\"WebSite\",\"@id\":\"https:\/\/sonarwines.com\/#website\",\"url\":\"https:\/\/sonarwines.com\/\",\"name\":\"Sonar Wines | Vinos de crianza submarina\",\"description\":\"\",\"publisher\":{\"@id\":\"https:\/\/sonarwines.com\/#organization\"},\"potentialAction\":[{\"@type\":\"SearchAction\",\"target\":{\"@type\":\"EntryPoint\",\"urlTemplate\":\"https:\/\/sonarwines.com\/?s={search_term_string}\"},\"query-input\":{\"@type\":\"PropertyValueSpecification\",\"valueRequired\":true,\"valueName\":\"search_term_string\"}}],\"inLanguage\":\"es\"},{\"@type\":\"Organization\",\"@id\":\"https:\/\/sonarwines.com\/#organization\",\"name\":\"Sonar Wines | Vinos de crianza submarina\",\"url\":\"https:\/\/sonarwines.com\/\",\"logo\":{\"@type\":\"ImageObject\",\"inLanguage\":\"es\",\"@id\":\"https:\/\/sonarwines.com\/#\/schema\/logo\/image\/\",\"url\":\"https:\/\/sonarwines.com\/wp-content\/uploads\/2024\/03\/logo-sonar-gris.png\",\"contentUrl\":\"https:\/\/sonarwines.com\/wp-content\/uploads\/2024\/03\/logo-sonar-gris.png\",\"width\":500,\"height\":500,\"caption\":\"Sonar Wines | Vinos de crianza submarina\"},\"image\":{\"@id\":\"https:\/\/sonarwines.com\/#\/schema\/logo\/image\/\"},\"sameAs\":[\"https:\/\/www.instagram.com\/sonar_wines\/\"]}]}<\/script>\n<!-- \/ Yoast SEO plugin. -->","yoast_head_json":{"title":"Sotavento | Vino Tinto Ecol\u00f3gico - Sonar Wines | Vinos de crianza submarina","robots":{"index":"index","follow":"follow","max-snippet":"max-snippet:-1","max-image-preview":"max-image-preview:large","max-video-preview":"max-video-preview:-1"},"canonical":"https:\/\/sonarwines.com\/index.php\/producto\/sotavento-vino-tinto-ecologico\/","og_locale":"es_ES","og_type":"article","og_title":"Sotavento | Vino Tinto Ecol\u00f3gico - Sonar Wines | Vinos de crianza submarina","og_description":"Tipo de vino: tinto sin crianza Variedad de uva: 100% garnacha  Graduaci\u00f3n alcohol: 13%  Envejecimiento: 8 meses bajo el mar  Origen: D.O. Pened\u00e8s-Mass\u00eds del Garraf  A\u00f1ada: 2021","og_url":"https:\/\/sonarwines.com\/index.php\/producto\/sotavento-vino-tinto-ecologico\/","og_site_name":"Sonar Wines | Vinos de crianza submarina","article_modified_time":"2024-05-30T09:19:57+00:00","og_image":[{"width":1200,"height":1600,"url":"https:\/\/sonarwines.com\/wp-content\/uploads\/2024\/04\/Sotavento_Tinto_Sonar-Wines.png","type":"image\/png"}],"twitter_card":"summary_large_image","schema":{"@context":"https:\/\/schema.org","@graph":[{"@type":"WebPage","@id":"https:\/\/sonarwines.com\/index.php\/producto\/sotavento-vino-tinto-ecologico\/","url":"https:\/\/sonarwines.com\/index.php\/producto\/sotavento-vino-tinto-ecologico\/","name":"Sotavento | Vino Tinto Ecol\u00f3gico - Sonar Wines | Vinos de crianza submarina","isPartOf":{"@id":"https:\/\/sonarwines.com\/#website"},"primaryImageOfPage":{"@id":"https:\/\/sonarwines.com\/index.php\/producto\/sotavento-vino-tinto-ecologico\/#primaryimage"},"image":{"@id":"https:\/\/sonarwines.com\/index.php\/producto\/sotavento-vino-tinto-ecologico\/#primaryimage"},"thumbnailUrl":"https:\/\/sonarwines.com\/wp-content\/uploads\/2024\/04\/Sotavento_Tinto_Sonar-Wines.png","datePublished":"2024-05-15T16:38:07+00:00","dateModified":"2024-05-30T09:19:57+00:00","breadcrumb":{"@id":"https:\/\/sonarwines.com\/index.php\/producto\/sotavento-vino-tinto-ecologico\/#breadcrumb"},"inLanguage":"es","potentialAction":[{"@type":"ReadAction","target":["https:\/\/sonarwines.com\/index.php\/producto\/sotavento-vino-tinto-ecologico\/"]}]},{"@type":"ImageObject","inLanguage":"es","@id":"https:\/\/sonarwines.com\/index.php\/producto\/sotavento-vino-tinto-ecologico\/#primaryimage","url":"https:\/\/sonarwines.com\/wp-content\/uploads\/2024\/04\/Sotavento_Tinto_Sonar-Wines.png","contentUrl":"https:\/\/sonarwines.com\/wp-content\/uploads\/2024\/04\/Sotavento_Tinto_Sonar-Wines.png","width":1200,"height":1600},{"@type":"BreadcrumbList","@id":"https:\/\/sonarwines.com\/index.php\/producto\/sotavento-vino-tinto-ecologico\/#breadcrumb","itemListElement":[{"@type":"ListItem","position":1,"name":"Portada","item":"https:\/\/sonarwines.com\/"},{"@type":"ListItem","position":2,"name":"Tienda","item":"https:\/\/sonarwines.com\/index.php\/tienda\/"},{"@type":"ListItem","position":3,"name":"Sotavento | Vino Tinto Ecol\u00f3gico"}]},{"@type":"WebSite","@id":"https:\/\/sonarwines.com\/#website","url":"https:\/\/sonarwines.com\/","name":"Sonar Wines | Vinos de crianza submarina","description":"","publisher":{"@id":"https:\/\/sonarwines.com\/#organization"},"potentialAction":[{"@type":"SearchAction","target":{"@type":"EntryPoint","urlTemplate":"https:\/\/sonarwines.com\/?s={search_term_string}"},"query-input":{"@type":"PropertyValueSpecification","valueRequired":true,"valueName":"search_term_string"}}],"inLanguage":"es"},{"@type":"Organization","@id":"https:\/\/sonarwines.com\/#organization","name":"Sonar Wines | Vinos de crianza submarina","url":"https:\/\/sonarwines.com\/","logo":{"@type":"ImageObject","inLanguage":"es","@id":"https:\/\/sonarwines.com\/#\/schema\/logo\/image\/","url":"https:\/\/sonarwines.com\/wp-content\/uploads\/2024\/03\/logo-sonar-gris.png","contentUrl":"https:\/\/sonarwines.com\/wp-content\/uploads\/2024\/03\/logo-sonar-gris.png","width":500,"height":500,"caption":"Sonar Wines | Vinos de crianza submarina"},"image":{"@id":"https:\/\/sonarwines.com\/#\/schema\/logo\/image\/"},"sameAs":["https:\/\/www.instagram.com\/sonar_wines\/"]}]}},"_links":{"self":[{"href":"https:\/\/sonarwines.com\/index.php\/wp-json\/wp\/v2\/product\/887","targetHints":{"allow":["GET"]}}],"collection":[{"href":"https:\/\/sonarwines.com\/index.php\/wp-json\/wp\/v2\/product"}],"about":[{"href":"https:\/\/sonarwines.com\/index.php\/wp-json\/wp\/v2\/types\/product"}],"replies":[{"embeddable":true,"href":"https:\/\/sonarwines.com\/index.php\/wp-json\/wp\/v2\/comments?post=887"}],"wp:featuredmedia":[{"embeddable":true,"href":"https:\/\/sonarwines.com\/index.php\/wp-json\/wp\/v2\/media\/483"}],"wp:attachment":[{"href":"https:\/\/sonarwines.com\/index.php\/wp-json\/wp\/v2\/media?parent=887"}],"wp:term":[{"taxonomy":"product_cat","embeddable":true,"href":"https:\/\/sonarwines.com\/index.php\/wp-json\/wp\/v2\/product_cat?post=887"},{"taxonomy":"product_tag","embeddable":true,"href":"https:\/\/sonarwines.com\/index.php\/wp-json\/wp\/v2\/product_tag?post=887"}],"curies":[{"name":"wp","href":"https:\/\/api.w.org\/{rel}","templated":true}]}}